 List the prime factors of 1 + (21 - -1) + c.
23
Let o be 3 + (-5)/(-35) + 3/(-21). Suppose -o*k = -9*k + 498. List the prime factors of k.
83
Suppose -k - 5 = 4*c, -8*c + 25 = -3*c - 5*k. List the prime factors of (4 - c) + 49 + 0.
53
Let k(u) = -u + 13. Let s be k(10). Let h(t) = 7*t**2 + 4*t + 2. List the prime factors of h(s).
7, 11
Let c(t) = t**2 + 5*t + 2. Let i be c(-5). Let a = 14 - i. List the prime factors of a.
2, 3
Let s(g) = -2*g**2 - 14*g + 15. Let n be s(-7). Suppose -3*l = -n, -w - 3*l = -2*l - 110. List the prime factors of w.
3, 5, 7
Suppose 13 = 5*a - 27. Suppose 5*k + 0*s - 3*s = -46, k = s - a. Let x = -5 - k. What are the prime factors of x?
2, 3
Suppose 0 = 4*u - o + 5*o - 5960, -3*o = -4*u + 5960. What are the prime factors of u?
2, 5, 149
Suppose 171*o - 174*o = -2283. List the prime factors of o.
761
Let a(s) = -5*s - 26. Let k be a(-6). Suppose k*u - 3*u = 5*i - 116, 2*i - u - 44 = 0. List the prime factors of i.
2, 3
Let d(t) = -2*t**3 - 3*t**2 + 6*t + 2. Let x(z) = z**2 - 5*z - 10. Let b be x(6). List the prime factors of d(b).
2, 29
Let v = -29 - -33. Suppose 9*p = 5*p + v*t + 612, 0 = 2*p - t - 301. List the prime factors of p.
2, 37
Suppose 26 = -2*b - 2*p, -2*b - 3*b - 2*p = 59. Let s be (-9 - b) + 2*2. Suppose -s*q + 162 = -132. List the prime factors of q.
7
Let p(f) = 624*f + 83. List the prime factors of p(5).
3203
Let r(f) be the second derivative of f**4/12 - 5*f**3/3 + 6*f**2 - f. Let t be r(7). What are the prime factors of (36 + t)*7/3?
3, 7
List the prime factors of (1 + 6 + -3)*(188 + 6).
2, 97
Let i = 94 - -26. Let r be i/6 - (-4)/2. List the prime factors of (-334)/(-22) + (-4)/r.
3, 5
Let y be (-168)/63*(-3)/2. Suppose -y*m + 138 = l + l, 5*m + 183 = 2*l. What are the prime factors of l?
79
Let g(w) = -4*w**3 + 6*w**2 + 3*w**3 + w**2 + 3 - 2*w**2. Let k be g(5). Let u(f) = f**3 - 2*f**2 + f - 4. List the prime factors of u(k).
2
Let f(t) = t**3 - 4*t**2 - 2*t + 6. Let n be f(4). Let v(p) = -2*p**3 - p**2 - p - 4. What are the prime factors of v(n)?
2, 5
Let d(k) = -k**2 + 14*k + 45. Let f be d(17). Let t(b) = -b**3 - 4*b**2 + b - 3. List the prime factors of t(f).
3, 7
Suppose 2*k = 13*k - 4532. Suppose -k = -5*w - o - 35, w - 79 = o. List the prime factors of w.
2, 19
Let n(p) = p**3 + 24*p**2 + 40*p + 24. What are the prime factors of n(-21)?
3, 13
Suppose 107 = 4*k + q, 5*k - q + 4*q - 132 = 0. Let r be 48/(-3) + (0 - -2). Let i = k + r. List the prime factors of i.
13
Let i(l) = -12*l + 2334*l**3 + 6 + 2 - 5*l**2 - 2332*l**3. List the prime factors of i(6).
2, 47
Let k(s) = -10*s**2 - 3*s - 1. Let r be k(3). Let f be (71/3)/((-4)/(4*3)). Let x = f - r. What are the prime factors of x?
29
Let s(u) = -u + 1448*u**2 + 2*u - 3*u - 1447*u**2. Let q(k) = 2*k**2 - 2*k - 1. Let n be q(-1). What are the prime factors of s(n)?
3
Suppose 19*k - 2685 - 32408 = 0. List the prime factors of k.
1847
Let q = 2 - 1. Let c be (16/(-5))/(q/(-5)). Suppose o = -3*o + c. List the prime factors of o.
2
Let f = 3648 - 2278. List the prime factors of f.
2, 5, 137
Let u(i) = -i**3 - 38*i**2 + 115*i - 18. List the prime factors of u(-42).
2, 3, 23
Let n = 3412 - 1344. What are the prime factors of n?
2, 11, 47
Let c(h) = -53*h**3 + h**2 - 2*h - 2. Let g be -1 - 0 - (-29 + 29). List the prime factors of c(g).
2, 3
Let w be (-6)/(-15) - 23/(-5). Let k = 287 - 172. Suppose w*a = -0*a + k. List the prime factors of a.
23
Suppose 11*u = 519 + 526. Suppose -97*p + 290 = -u*p. List the prime factors of p.
5, 29
Let f be 639/7 - 6/21. Suppose -35 - f = -7*u. List the prime factors of u.
2, 3
Suppose 0*s - 2824 = -5*q + s, s = q - 568. Suppose 3*t + 3*n - q = 0, 4*n = -16 - 4. What are the prime factors of t?
193
Let q(k) = 17*k**3 + k**2 - k. Let j be q(1). Let f = 21 - j. Suppose 302 = -z + 6*z + f*t, -316 = -5*z + 3*t. What are the prime factors of z?
2, 31
Let q = 24 + -42. Let b = q - -16. Let s = 2 - b. What are the prime factors of s?
2
Suppose -20 = -3*m - 2*m. Suppose m*i - 293 = 67. List the prime factors of i.
2, 3, 5
Suppose 5*a - 1057 = -x + 617, 2*a + 5*x = 665. What are the prime factors of a?
5, 67
Let m(j) = -18*j**3 - 2*j**2 - 7*j - 3. List the prime factors of m(-4).
5, 229
Let x(p) = p**2 + 12*p - 9. Let m be x(-13). Suppose m*h = -h + 45. Suppose g + 10 = -3*u, -39 = -g + 5*u - h. List the prime factors of g.
5
What are the prime factors of 9/6*4 + (2454 - -1)?
23, 107
Let a(d) be the first derivative of d**3/3 - 5*d**2 + 6*d - 8. Let p be a(10). Suppose -127 = -p*u - 1. List the prime factors of u.
3, 7
Let w(z) = -z**3 - 6*z**2 + 6*z - 15. Let i be w(-7). What are the prime factors of (5*i)/(-5)*19?
2, 19
Let k be 36 + 2 + (0 - 2). Suppose 62 + k = 2*u. What are the prime factors of u?
7
Suppose 0 = 3*w - c + 362 - 1829, 500 = w - 4*c. What are the prime factors of w?
2, 61
Let o(p) = -p**3 - 3*p**2 - 5. Let l be o(-4). Let x(s) = 6*s. What are the prime factors of x(l)?
2, 3, 11
Suppose -3*c = -15, 2*u - c = 2604 - 217. Suppose -12*p + 820 = -u. What are the prime factors of p?
2, 3, 7
Let h be 15/12 + 6/8. Let g(u) = 3 + u + 2 + 1 + h. List the prime factors of g(14).
2, 11
Suppose -u - 2 + 4 = 0, 0 = -3*d - 2*u + 1915. What are the prime factors of d?
7, 13
Suppose 3*t - 7*t - 3*w - 6 = 0, -5*t = w + 2. Suppose z + 0*z = 5*u + 149, u + 2*z + 32 = t. Let g = u - -61. What are the prime factors of g?
31
Let d(v) = -v - 3. Let r be d(-6). Suppose -r*j = 2*j - 1095. Suppose -j = -4*w + 3*q, -2*w + 168 = w - q. List the prime factors of w.
3, 19
Suppose -19*q = -0*q - 27227. List the prime factors of q.
1433
Suppose -2900 = 70*h - 75*h. List the prime factors of h.
2, 5, 29
What are the prime factors of (2 + (12 - 367))*-3?
3, 353
List the prime factors of 0 + ((-316)/8)/(2/(-92)).
23, 79
Let m = -25 - -13. Let n = m + 21. What are the prime factors of (58/8)/(n/36)?
29
Let o be (-35)/3 - 2/(-3). Let j(t) = -14 - 17 + 36 - 15 - 3*t. What are the prime factors of j(o)?
23
Let x = -117 - 28. What are the prime factors of (-1)/((-10)/x)*-2?
29
Let p(y) = -y**3 - 11*y**2 - 9*y - 3. Let g be p(-10). List the prime factors of 2366/g*2/(-4).
7, 13
Let v = 1 - 25. Let c = v + 29. Let l = c - -16. List the prime factors of l.
3, 7
Let n(x) = 2*x - 16. Let h be n(9). Suppose h*c - 226 = -2*m, -2*m + 559 = 5*c + m. List the prime factors of c.
2, 5, 11
Let c be (-1)/2*(-8)/2. Let b(t) = 11*t - 3. Let u(f) = 21*f - 6. Let d(h) = 5*b(h) - 2*u(h). List the prime factors of d(c).
23
Let k be (1 - 27)*(-1)/2. Suppose -4*b + 3 = -t - 9, 5*t + b = 3. Suppose t = 2*s - c - k, 8 + 8 = -s + 5*c. What are the prime factors of s?
3
Suppose 2*q + 3*s + 435 = 0, -1104 = -0*q + 5*q + 2*s. Let y = q - -376. List the prime factors of y.
2, 7, 11
Suppose -1095*a - 6831 = -1104*a. List the prime factors of a.
3, 11, 23
Let r = 13 + -13. Let q = r - 18. What are the prime factors of 10/(-45) + (-274)/q?
3, 5
What are the prime factors of (-2 - (4 - -2))/(9/(-423))?
2, 47
Let h = 1396 - 1213. What are the prime factors of h?
3, 61
Let x(v) = v - 13. Let j be x(9). Let o = -6 + j. Let y(u) = 2*u**2 + 13*u - 2. What are the prime factors of y(o)?
2, 17
Let t(w) be the third derivative of w**6/120 - w**5/15 - 5*w**4/24 + 4*w**3/3 + 4*w**2 - 3*w. List the prime factors of t(8).
2, 7
Suppose -4*q + 17*q = 4030. Suppose s - q = -s. List the prime factors of s.
5, 31
Let u be (-2)/11 - 90/(-11). Let z(f) = f**2 + 6*f + 8. Let s be z(u). Suppose 6*o - s = 2*o. List the prime factors of o.
2, 3, 5
Suppose 175 = -26*w + 27*w. What are the prime factors of w?
5, 7
Suppose -18*o + 4126 = -4028. What are the prime factors of o?
3, 151
Let y = -5 - -8. Suppose p + p + 5*k = 139, -3*k - 240 = -y*p. Suppose 0 = -3*a - 23 + p. What are the prime factors of a?
2, 3
Let t(f) = f**3 - 14*f**2 + f - 17. Let v be t(14). Let j be 1/(v - (-3665)/1220). Suppose 29 = 7*x - j. List the prime factors of x.
3, 13
Let b(c) = c**3 - 2*c**2 + 5*c + 4. Let z be b(9). Suppose 2*n - 3*s = 252, 5*n - z = 4*s - 0*s. What are the prime factors of n?
2, 3, 5
Suppose 0 = -3*g - 4*d - 16, 3*g + 2*g = 2*d - 70. Let b be (g/(-3))/(2/(-5)). List the prime factors of b/(2 - (-24)/(-9)).
3, 5
Suppose 5*a = 3*o + 37, -3*a - 5*o - 5 = -0*o. Let d be 1 - -3 - (-13 + 15). Suppose 5*